the highest common factor of 2428 and 12248653?
607
Calculate the greatest common divisor of 2043 and 1617263316.
2043
Calculate the greatest common divisor of 1533942 and 114483.
93
What is the greatest common factor of 241331 and 2984?
373
Calculate the greatest common divisor of 597648 and 336.
48
Calculate the greatest common divisor of 1374 and 5282.
2
What is the greatest common divisor of 35872 and 4406651?
1121
What is the greatest common divisor of 128 and 231344704?
64
What is the highest common factor of 2050378 and 286?
22
Calculate the greatest common factor of 72 and 1288116.
36
What is the greatest common divisor of 280791 and 337113?
63
What is the highest common factor of 3536 and 991588?
52
Calculate the highest common factor of 372 and 8563626.
186
Calculate the greatest common factor of 10807347 and 33366.
249
Calculate the highest common factor of 8952 and 737976.
24
What is the highest common factor of 47070777 and 1359?
453
Calculate the greatest common divisor of 12863 and 183678901.
677
Calculate the highest common factor of 605969 and 5902.
13
What is the greatest common factor of 105711 and 12525?
501
Calculate the greatest common factor of 26 and 8260057.
13
What is the highest common factor of 14704847 and 187?
17
What is the greatest common divisor of 103955163 and 333?
111
What is the greatest common factor of 1794 and 39290823?
39
What is the greatest common divisor of 17641 and 656788?
1357
Calculate the greatest common divisor of 23100 and 40189380.
4620
Calculate the greatest common divisor of 11764 and 84575.
17
Calculate the greatest common divisor of 672 and 27568704.
96
Calculate the highest common divisor of 24165 and 1379195.
895
What is the highest common factor of 68 and 1559237824?
68
What is the highest common divisor of 1122525 and 9342?
27
Calculate the highest common divisor of 3266 and 1588838.
142
What is the highest common divisor of 9723 and 1385958?
21
Calculate the highest common factor of 2183039 and 1167301.
2659
What is the greatest common factor of 160 and 18746200?
40
What is the highest common factor of 90 and 618759060?
30
What is the highest common divisor of 164871 and 4221?
63
Calculate the greatest common factor of 177 and 37045451.
59
What is the highest common factor of 1580334 and 62646?
1182
What is the highest common divisor of 3888 and 458560?
16
Calculate the greatest common divisor of 279226 and 108174.
298
Calculate the greatest common divisor of 1739 and 1486704.
47
What is the highest common factor of 71194398 and 2130?
426
Calculate the highest common divisor of 2965573 and 26.
13
Calculate the greatest common divisor of 34 and 16719058.
34
Calculate the greatest common factor of 4366207 and 20453.
113
Calculate the greatest common divisor of 564957418 and 46.
46
Calculate the greatest common divisor of 1917 and 155687309.
71
What is the highest common factor of 14383128 and 28905?
5781
Calculate the highest common divisor of 262016 and 3904.
64
Calculate the highest common factor of 214254087 and 3826.
1913
What is the highest common factor of 8854 and 26372?
38
Calculate the greatest common factor of 15 and 4865480.
5
What is the greatest common divisor of 17931 and 269799?
417
Calculate the greatest common factor of 39547 and 1613629.
557
Calculate the greatest common divisor of 9425838 and 6.
6
What is the greatest common factor of 79732 and 533047?
643
Calculate the greatest common factor of 208609540 and 2325.
155
Calculate the greatest common divisor of 2825 and 364675.
25
Calculate the greatest common factor of 467476 and 11628.
76
What is the highest common factor of 119880 and 4117656?
888
Calculate the greatest common factor of 21456 and 94896.
144
Calculate the highest common divisor of 3024 and 7029064.
56
Calculate the highest common factor of 187 and 66957407.
187
Calculate the greatest common factor of 3760 and 26048105.
235
What is the highest common factor of 43365 and 785880?
885
What is the greatest common factor of 1296 and 4019787?
81
What is the greatest common divisor of 188413 and 593920?
29
What is the highest common factor of 97328 and 6005027?
553
Calculate the highest common divisor of 948209 and 2895.
193
Calculate the highest common divisor of 25290 and 8372430.
90
What is the highest common divisor of 476 and 1618734628?
476
What is the highest common factor of 51150242 and 304?
38
Calculate the greatest common factor of 31 and 51397628.
31
What is the greatest common factor of 55328 and 3985744?
2128
Calculate the highest common factor of 9770 and 4077998.
1954
Calculate the greatest common divisor of 508500342 and 1323.
1323
Calculate the highest common divisor of 8051 and 954749.
83
What is the highest common divisor of 557960 and 60840?
520
What is the greatest common divisor of 120845076 and 803?
803
Calculate the greatest common factor of 16600661 and 836.
209
What is the highest common factor of 30 and 474228?
6
Calculate the greatest common divisor of 204 and 14892884.
68
What is the highest common factor of 26447379 and 5628?
1407
What is the highest common divisor of 190678246 and 44?
22
Calculate the greatest common factor of 280 and 5666936.
8
Calculate the highest common divisor of 616 and 1569667.
11
Calculate the greatest common factor of 9234 and 23544999.
243
Calculate the highest common factor of 3070165 and 560.
35
What is the highest common factor of 1134387 and 13014?
2169
Calculate the highest common divisor of 6072 and 153620588.
1012
Calculate the greatest common factor of 4620 and 312900.
420
Calculate the greatest common factor of 1432 and 3345331.
179
What is the highest common divisor of 22452374 and 4179?
1393
What is the highest common divisor of 706185 and 783?
27
What is the greatest common factor of 51612969 and 137?
137
What is the highest common factor of 1938139 and 28?
7
Calculate the greatest common factor of 13815536 and 217406.
4102
Calculate the greatest common factor of 888996 and 138.
138
Calculate the highest common factor of 694298 and 833822.
3322
Calculate the highest common divisor of 136352 and 1504.
32
Calculate the highest common factor of 45097974 and 51.
51
What is the greatest common factor of 39962447 and 1267?
1267
What is the greatest common divisor of 803831 and 21?
7
What is the greatest common divisor of 129860 and 214420?
3020
Calculate the greatest common divisor of 2648 and 9988918.
662
Calculate the greatest common factor of 1136716 and 56.
28
Calculate the greatest common factor of 8505 and 6837880.
35
Calculate the highest common divisor of 9411405 and 30.
15
What is the greatest common factor of 26684 and 553632008?
3812
What is the greatest common divisor of 7047 and 3480435?
783
Calculate the highest common factor of 25872 and 9642864.
3696
Calculate the highest common divisor of 329 and 2359.
7
Calculate the highest common divisor of 672334 and 76570.
494
Calculate the highest common factor of 404414 and 13405706.
1766
What is the greatest common divisor of 7329765 and 9?
3
What is the greatest common factor of 14245608 and 33?
3
What is the highest common factor of 3100 and 95276950?
1550
What is the greatest common factor of 184 and 1039144?
8
Calculate the highest common factor of 62853 and 585511611.
8979
What is the highest common divisor of 14105 and 176049?
31
Calculate the highest common factor of 585 and 36457551.
117
What is the greatest common factor of 14503095 and 36360?
4545
Calculate the highest common divisor of 17801056 and 215488.
2912
What is the greatest common factor of 580225888 and 48?
16
Calculate the highest common factor of 38451032 and 21833.
3119
Calculate the highest common divisor of 7 and 358430317.
7
What is the highest common divisor of 630 and 199640?
70
Calculate the greatest common divisor of 5883000 and 1036.
148
What is the highest common divisor of 23607 and 1047609?
387
Calculate the highest common divisor of 188877106 and 488.
122
What is the highest common divisor of 446 and 57103164?
446
What is the greatest common divisor of 15434029 and 13?
13
Calculate the highest common divisor of 6274058 and 1176.
98
Calculate the greatest common factor of 14362 and 62565.
43
What is the highest common divisor of 2237703195 and 530?